(r).
-22
Let v(o) = -o**2 - 17*o - 8. Let s = 281 + -296. Determine v(s).
22
Let n be 5 - (13 + (-4 - 12)). Let s(x) = -2*x**2 + 21*x - 10. Calculate s(n).
30
Let i(y) be the second derivative of 5*y**4/12 - y**3/6 + y**2/2 - 20*y. Let w = 58 - 57. Let f be i(w). Let c(n) = n**3 - 6*n**2 + 6*n + 1. Give c(f).
6
Suppose 3*m = 11*m + 168. Let n(t) = -2*t. Let x be n(m). Let j = x - 38. Let a(w) = w**3 - 4*w**2 + 2*w - 6. Determine a(j).
2
Suppose 0 = 15*x - 29*x + 84. Let d be (-14)/(x - 5)*(-3)/(-6). Let g(q) = q**2 + 7*q + 5. Give g(d).
5
Let j(b) = b**3 + 27*b**2 + 35*b + 226. Let m be j(-26). Let y(l) = l**3 + 10*l**2 + 18*l + 13. What is y(m)?
-3
Let o be 14*(-2 + (-6)/(-4)). Let b be ((-92)/6)/(1 + 10/(-6)). Let j(r) = -3 - b*r + 4*r + 17*r - 3. Give j(o).
8
Let r = 5792 + -5812. Let y(h) = -h**3 - 20*h**2 + h + 15. Give y(r).
-5
Let u(f) = -29*f + 5*f + 65*f - 80 - 3*f + 7. What is u(4)?
79
Suppose 2*g + 4*p = p - 8, 4*g - 3*p = 20. Let j(k) = 6*k + 5. Let a(h) = -12 - 8 - 6*h + 8 + 6. Let o(v) = 3*a(v) + 4*j(v). Determine o(g).
14
Let x(f) be the first derivative of -15/2*f**2 + 42*f - 1/3*f**3 + 10. Let i be x(-17). Let r(t) = -t**2 + 8*t - 3. What is r(i)?
-3
Let q(s) = -2*s**3 + 11*s**2 - 7. Let x(z) = 3*z**3 - 20*z**2 + 14. Let j(t) = -5*q(t) - 3*x(t). Let b = 7 + 0. Suppose -b - 18 = 5*f. Determine j(f).
-7
Let u(q) be the first derivative of -7/2*q**2 + 1/3*q**3 - 15 - 3*q. Let a(w) = w + 18. Let r be a(-10). Determine u(r).
5
Let z(q) = -q**3 - 7*q**2 - 7*q - 3. Let y(t) = -11*t + 3*t + 6*t + t + 44 + 6*t. Let w be y(-10). What is z(w)?
3
Let g = -171 + 174. Let y(d) = 5*d**2 + 7*d**3 - 22*d**3 + 5 + 7*d**g - 7*d + 7*d**3. Calculate y(4).
-7
Let w(p) be the third derivative of 1/2*p**3 - 12*p**2 - 1 + 0*p + 1/60*p**5 + 1/12*p**4. Calculate w(-2).
3
Let p(c) = 151*c + 2 - 160*c - 10*c**2 - 10*c**2 + 21*c**2. Suppose 0 = -2*q - 3*x + 4 + 9, 0 = -2*x - 2. Calculate p(q).
-6
Let z = -2387 + 2376. Let v(a) = -a**3 - 13*a**2 - 20*a - 1. Determine v(z).
-23
Let c = -103 - -101. Let w(s) be the first derivative of -s**4/4 + 3*s**2/2 + 3*s + 7. Calculate w(c).
5
Let c(b) = 4*b**3 + 2*b**2 + 3*b + 3. Suppose 3991*q - 3996*q = 5*l + 5, -2*l - 5*q + 1 = 0. Give c(l).
-27
Let i(r) = -r - 7. Let o(h) = 12*h**2 + 11*h - h**2 - 26 - 9*h**2. Let u be o(-7). What is i(u)?
-2
Suppose -3*v - k = -5*v + 98, 3*k + 244 = 5*v. Suppose c = 2*d + 3, c + 3*d + v = -4*c. Let a(m) = m**3 + 8*m**2 + 9*m + 8. Calculate a(c).
-6
Suppose 0 = r - o - 1 - 3, 0 = 2*r - o - 12. Suppose -y - 3 = -r. Let b(w) = 2 - 4*w - w - w + 2*w. Determine b(y).
-18
Let c(d) = -2*d**3 + 2*d**2 - 7*d - 2. Let p(u) = u**3 - 5*u**2 - 2*u + 21. Let n be p(4). Let q(h) = -h**3 - 6*h - 2. Let m(g) = n*q(g) + 2*c(g). Give m(4).
18
Let p(f) be the second derivative of -f**4/6 + f**3/3 + 4*f**2 - 61*f. Let l be p(3). Let a(q) = 6*q + 5. What is a(l)?
-19
Let g be 9/5*215/129. Let r(h) = -h**2 + 14*h - 11. Let f be r(13). Let a(z) = 8*z**f + 0*z + g - 10*z**2 + z. Give a(3).
-12
Suppose -5*l - 11 = 2*a, 4*a - 25 = 3*l - 8. Suppose 0*y = -a*y. Let j(r) = 1 + 44*r - 45*r + y. Give j(1).
0
Let y(o) = 10*o - 15. Suppose -4*v = -3*h - 826 + 801, -3*h = -3. Calculate y(v).
55
Let z(q) be the third derivative of -1/12*q**4 - 1 - 1/3*q**3 + 0*q + 60*q**2. Calculate z(5).
-12
Let d(u) = 95*u - 4649. Let o be d(49). Let j(a) be the third derivative of 0 - 1/2*a**3 + o*a**2 + 1/8*a**4 + 0*a. What is j(8)?
21
Let a(b) = -1152*b + 2307*b + 6*b**2 + 3*b**2 - 2 - 2*b**2 - 1154*b. Calculate a(1).
6
Let j(w) = 3*w**3 + 8*w**2 - 9*w - 14. Let t(i) = -7*i**3 - 16*i**2 + 19*i + 29. Let k be -2 + 16/(-6) + 62/93. Let n(u) = k*t(u) - 9*j(u). Determine n(7).
-4
Let w(l) be the first derivative of -l**4/4 + 10*l**3/3 + 7*l**2/2 - 55*l + 1716. What is w(10)?
15
Let l(c) = 3*c + 19. Let d(b) = b**2 + 174*b + 1479. Let q be d(-9). Determine l(q).
1
Let g(d) = -d**3 - 7*d**2 + d + 8. Let k be (14/(-6) + 3)/((-17)/51). Let s(i) = -i**3 - 9*i**2 + 2*i + 10. Let l(u) = k*s(u) + 3*g(u). Give l(-3).
7
Let x(p) be the second derivative of 7*p + 0 - 5/2*p**2 - 1/6*p**3. Suppose 0*n - 4*n + 5*s - 1 = 0, 4*n = -s - 19. Give x(n).
-1
Suppose -44 = -9*f + 46. Let d(c) = 0 - 2 + f*c + 12*c - 20*c. What is d(-3)?
-8
Let y(o) = -61 - 2*o**2 - 47*o - 14*o - 70*o + 67*o. What is y(-31)?
1
Let f(q) = 5 + 4 - 5 + 6*q + 4*q**2 - q**3. Let z(a) = -a**2 - 6*a - 98. Let d be z(12). Let v = 319 + d. Determine f(v).
9
Let s(o) = -809*o + 387*o + 417*o. Give s(-2).
10
Let n(h) = 997*h - h**2 - 35 - 569*h - 461*h. Determine n(-32).
-3
Suppose -152*d + 2*y + 23 = -153*d, 52 = -5*d - 3*y. Let k(m) = -2*m**2 - 11*m + 1. Determine k(d).
6
Let g(k) = 195*k**3 - 3*k**2 - 9*k + 2. Let j(n) = -942*n**3 + 14*n**2 + 45*n - 10. Let y(b) = 29*g(b) + 6*j(b). What is y(2)?
28
Let w(s) = 2*s + 4. Let d be w(-7). Let t = d + 11. Let u(c) = -20*c - 28*c + 32*c - 1. Calculate u(t).
-17
Let k = 89 + -87. Let c(y) = 132*y**2 + 137*y**k - 264*y**2. Give c(-1).
5
Let w(f) = -f**2 + 12*f + 16. Suppose 180*y - 93*y - 1872 = -69*y. Give w(y).
16
Let r(i) = -i**3 + i + 1. Let w(v) = -5*v**3 - 8*v**2 - 3*v + 8. Suppose 0 = -349*x + 348*x - 1. Let h(q) = x*w(q) + 4*r(q). What is h(-7)?
-4
Let u(c) = c**2 - 14*c + 8. Suppose 0 + 180 = 10*f. Let w be ((-48)/20)/(f/60)*-2. Let m be (56/10)/(w/40). Calculate u(m).
8
Let z be 6/(-165) + (-5678)/(-1870). Let f(j) = 7*j - 2. What is f(z)?
19
Let n(z) = 7*z**2 + 12*z - 32. Suppose 81 + 48 = -21*a + 171. Calculate n(a).
20
Let c(g) = 8*g**2 + 167*g - 24. Suppose 2*f - z = -46, 10*f - 62 = 12*f - 5*z. What is c(f)?
-3
Let k(g) = -g**3 - g**2 - g - 9. Suppose 0 = -5*c - 236 - 69. Let a = 73 + c. Let h be 3/a - 8/32. Determine k(h).
-9
Let n(b) = -b**3 + 3*b**2 - 9*b - 4. Let o be n(4). Suppose -s - 8 = -57. Let v = o + s. Let h(r) = -r**2 - 5*r. Give h(v).
-14
Suppose 2*j = -4*d + 18, d + 5*j + 106 = 124. Let r(f) = -6*f - 11*f**3 + 3 - 29*f**d + 2*f - f + 41*f**3. Determine r(3).
15
Let b(z) = -z**3 - 3*z**2 - 3. Let t(v) = -88*v - 5. Let c be t(-1). Suppose c = n + 86. Give b(n).
-3
Let a = 4049 - 4048. Let b(u) = -9*u**2 - 1. Let d = -5 + 6. Let t(w) = w + 1. Let r(i) = d*t(i) + b(i). Determine r(a).
-8
Suppose 5*p - 5 = 2*c - 3, -p + 2 = -2*c. Let t(w) = -27*w**2 + 5*w - 7. Let j(h) = -52*h**2 + 9*h - 13. Let x(b) = 6*j(b) - 11*t(b). What is x(c)?
-15
Let v be 1 - -2 - 42/(-7 - -13). Let m = 13 - 9. Let c(p) = 7 - p - m + 5*p. Calculate c(v).
-13
Let s(c) = c**3 + 22*c**2 - 24*c - 22. Let r be s(-23). Suppose 0 = 10*l + r - 11. Let o(n) = -4*n. Let v(z) = -z. Let t(u) = -o(u) + 3*v(u). What is t(l)?
1
Suppose -2*y = 17*y - 38. Let m be (-8 + y - -4) + 5 + 0. Let i(l) = -l**2 + 8*l - 4. What is i(m)?
11
Let p = 7054 + -7047. Let l(s) = s**2 - 14*s + 3. Give l(p).
-46
Let r(q) = -q**3 + 12*q**2 + 10*q + 20. Let x be ((-52)/96*-3)/((-10)/(-80)). Calculate r(x).
-19
Let r(q) = 14 - 7 + q**3 + 37*q**2 + 9 - 19*q**2 - 27*q**2 - 2*q. Calculate r(9).
-2
Let j(z) = -17*z + 2. Suppose -5*o + 3 = 2*b - 10, -3*b + 8 = -4*o. Calculate j(o).
-15
Let f be 1880/470*(38/(-8) + 2). Let h(z) = z**2 + 11*z + 18. Give h(f).
18
Let y(z) = 66*z + 145. Let u(k) = -108*k - 217. Let i(a) = -5*u(a) - 8*y(a). Give i(6).
-3
Suppose 0 = 23*q - 206 + 160 - 92. Let d(f) be the third derivative of f**4/24 - f**3/2 + f**2. Calculate d(q).
3
Let s(l) = -l**2 - 7. Let v be 90/2*(544/144)/34. Give s(v).
-32
Let w(u) be the first derivative of -17 + 2/3*u**3 - 5/2*u**2 + 0*u + 5/24*u**4 + 1/60*u**5. Let r(b) be the second derivative of w(b). Give r(-5).
4
Let d(h) be the second derivative of -h**4/12 - 10*h**3/3 + 95*h**2/2 - 754*h + 3. Calculate d(-24).
-1
Let o(m) = -m**3 + 63*m**2 + 66*m - 131. Suppose 174*b - l - 258 = 170*b, -5*l = -2*b + 138. Give o(b).
-3
Let o(j) = -9*j - 6. Let z(q) = 29*q + 18. Let v(f) = -11*o(f) - 4*z(f). Let m(h) = 8*h + 3. Let r(d) = -13*m(d) - 6*v(d). Determine r(-5).
7
Let h(g) be the third derivative of g**4/12 + g**3/6 + 47*g**2. Let s(m) = m**2 - 11*m - 6. Let l(w) = -6*h(w) - s(w). Determine l(-5).
-20
Let l(u) = -69*u. Let h(k) = -17*k - 426. Let v be h(-25). Give l(v).
69
Suppose 39*d - 2283 - 681 = 0. Let b(j) = -40*j + 19 + d*j - 37*j. Calculate b(0).
19
Let p(s) = 4*s**2 - 3*s + 6. Let g(l) = -5*l**2 + 2*l - 6. Suppose 